r of p and f?
8
Let a be (-21)/(-1 + (-3 - -3)). Let k = -1112 - -2939. What is the greatest common factor of k and a?
21
Suppose 942 + 882 = 48*c. What is the greatest common divisor of 20178 and c?
38
Suppose 0 = -3*m - 2*v + 3622, -m - 306 = -5*v - 1485. Calculate the highest common factor of m and 294.
14
Let h = 19811 + -18462. What is the greatest common factor of 95 and h?
19
Suppose 3*c + 14*r - 11*r = 1029, -r = 2*c - 681. What is the greatest common divisor of 52 and c?
26
Let c(q) = -3 - 29*q - 236*q**2 + 230*q**2 - 10*q. Let l be c(-5). What is the greatest common factor of 24 and l?
6
Suppose -14 = 7*x - 5*x - 4*u, 16 = 4*x + 3*u. Suppose n + 0*n = 9. Calculate the highest common divisor of n and x.
1
Suppose -15*l + 4*r - 124 = -16*l, 5*l + r = 734. Calculate the highest common factor of 111 and l.
37
Let v(a) = -a**3 + 18*a**2 + 3*a - 33. Let m be v(18). Let l(d) = -30*d + 2163. Let w be l(72). Calculate the greatest common factor of w and m.
3
Suppose 0*u = u - 3*c - 193, 3*u + 4*c = 618. Suppose u = -10*b - 168. Let x = 91 + b. What is the highest common divisor of x and 36?
18
Let z = -11232 - -14224. Calculate the highest common divisor of z and 85.
17
Let r be 27/((-3402)/(-448)) - (-8)/18. Let y be (-8)/(-6)*42/r. Calculate the greatest common divisor of 133 and y.
7
Let j(o) = -20*o**2 - 4*o + 21. Let h be j(4). Let n = 182 + h. Let m = 619 + n. What is the greatest common divisor of m and 54?
54
Let x(l) = 39*l + 4962. Let n be x(-126). Let z = 39 + -7. What is the highest common factor of z and n?
16
Let q = -306 + 305. Let u be (-2002)/(-8) + q/4. Let c be (-150)/(-4)*(-4)/(-6). Calculate the highest common divisor of c and u.
25
Let j = 2634 - 2541. What is the highest common factor of j and 1457?
31
Suppose -1000 = -18*o + 10*o. Let g be (-1)/(-2 + o/63). Let h = 18 - 9. Calculate the greatest common divisor of g and h.
9
Let a = 18 - -18. Suppose -2*z - 4*d = -114, 21*d - 245 = -5*z + 19*d. Suppose -10*u = -z*u + 1332. What is the highest common divisor of u and a?
36
Suppose 1024 + 1900 = 17*q. Let z = 269 - q. What is the highest common factor of 1 and z?
1
Let w be -3 + 3 - (-10 + 7). Suppose 0 = -5*v + 6 + 14. Suppose z - 24 = -w*z - v*p, p + 18 = 5*z. Calculate the highest common factor of 20 and z.
4
Let k be (544/(-51))/(18/(-135)). Calculate the highest common divisor of k and 8080.
80
Let d(c) = 194*c - 6808. Let p be d(113). Calculate the greatest common divisor of p and 66.
66
Let g(r) = -12*r + 1122. Let t be g(-73). Calculate the highest common factor of t and 148.
74
Let u = -470 + 474. Suppose u*y = 5*a - 34 + 97, y + 2*a - 32 = 0. What is the greatest common factor of y and 704?
22
Let f(i) = -32*i - 212. Let d(p) = -3*p - 13. Let a be d(-2). Let v be f(a). Suppose 0 = -4*g + 99 + 21. What is the greatest common factor of g and v?
6
Let o(k) = 6*k**2 - 180*k - 318. Let h be o(33). What is the greatest common factor of 288 and h?
12
Let w(i) = 3*i**2 + 44. Suppose h - 24 = -4*n, -2*n + 0*n = -h - 12. Let d be w(n). What is the highest common factor of d and 57?
19
Let g be 33/((-6)/2 - -4). Suppose -4*p = s - 15, 4*p - s = 2*s + 35. Suppose p*n - 3 = 12. Calculate the highest common factor of g and n.
3
Let r(h) = -h**2 + 40*h + 39. Let t be r(36). Suppose -3*g = 3*a - 117 + 3, 2*a = 5*g - t. Calculate the highest common divisor of 259 and g.
37
Let w be ((-154)/(-35))/(2/5). Let z be (-2)/w + 3320/110. Suppose -2*v + 0*v = -20. What is the highest common divisor of v and z?
10
Let q(n) = 5*n + 1. Let g be q(4). Let d be ((-7)/((-63)/(-30)) + 1)*9. Let y = d + 27. What is the highest common factor of y and g?
3
Let m = -21744 + 26181. What is the greatest common divisor of 119 and m?
17
Let o be 36*((-88)/(-16) + (-10)/5). What is the greatest common divisor of 322 and o?
14
Let f be (-40)/(-56)*7 + 151. Calculate the highest common factor of f and 9204.
156
Let o be 24/3*5/(40/(-44)). Let j = o - -76. Let g be (-4)/((-14)/(-16) + -1). What is the greatest common factor of j and g?
32
Let b = -549 - -552. Suppose r - 5*k = 90, 5*r = k + b*k + 387. Calculate the highest common divisor of r and 35.
5
Let a(o) = o**3 + 40*o**2 + 155*o - 14. Let w be a(-13). Calculate the highest common divisor of w and 294.
14
Suppose 10*z + 3*y - 1611 = 6*z, -2014 = -5*z - 4*y. What is the greatest common divisor of 4 and z?
2
Let n be (-4 - (2*-3)/1)*74. Let g = n - 128. Let i be ((-400)/(-70))/((-4)/(-14)). What is the greatest common divisor of i and g?
20
Let i(z) = z**3 - 25*z**2 + 24*z + 2. Let y be i(24). Let l(w) = -y*w + 5*w + 4 - 6 + 7. Let k be l(0). Calculate the highest common divisor of k and 10.
5
Let m = 27314 - -14697. Calculate the greatest common divisor of 43 and m.
43
Let j be 9/(-3) + (2 - -1) + 78512/7. What is the highest common divisor of 16 and j?
16
Let m be -1 - -4 - 8 - 0/2. Let a be (m/((-330)/72))/(4/22). What is the highest common divisor of 70 and a?
2
Suppose 3*a - 16848 + 10814 = 12641. Calculate the highest common factor of 5 and a.
5
Suppose 5*k + 1802 = -5*s + 5502, 3*s = -4*k + 2222. Calculate the greatest common factor of 432 and s.
18
Let r(y) = 54*y**2 + 96*y - 36. Let t be r(-3). Calculate the highest common divisor of 126 and t.
18
Suppose -s - 88 = -146. Suppose 238 - s = 5*h - 4*x, 5*x = 3*h - 108. What is the highest common factor of h and 36?
36
Let c(v) = 5*v**2 - 30*v - 21. Let w(d) = -d**2 + 2*d + 1. Let m(k) = c(k) + 6*w(k). Let f be m(-15). What is the highest common factor of 4 and f?
2
Let s(h) be the third derivative of -h**6/120 + 13*h**5/60 + 3*h**4/2 + 5*h**3/3 - 180*h**2. Let x be s(-3). What is the greatest common factor of x and 851?
23
Suppose -3*d + p + 70 = -p, -2*d + 2*p = -46. Let j(f) = -f**3 + 24*f**2 + 93*f + 1228. Let l be j(28). What is the greatest common divisor of l and d?
24
Let x(a) = 4*a**3 + 4*a - 10. Let p be x(3). Suppose -p = -9*j - 2*j. Suppose -4*u + 13 = -27. What is the greatest common factor of j and u?
10
Let t(u) be the third derivative of u**6/120 - u**5/20 - u**4 + 17*u**3/6 + 42*u**2 - 1. Let f be t(7). What is the highest common divisor of 9 and f?
9
Let d(s) = 46*s + 1820. Let f be d(-38). Calculate the highest common divisor of 2052 and f.
36
Let b(h) = h**3 + 142*h**2 + 262*h - 841. Let g be b(-140). Calculate the greatest common factor of g and 46.
23
Let u be (105/(-10))/(-1 + (-5)/(-10)). Let m(g) = -g**3 - 8*g**2 + 7. Let w be m(-8). Let t be 10/35 + 194/w. Calculate the greatest common factor of u and t.
7
Let z(t) = 38*t + 104. Let w be z(13). Suppose -6*r + w = -914. Calculate the greatest common factor of r and 315.
63
Suppose 20*x - 2376 = 2*x. Suppose 2*b - 96 = 4*o, 0 = -2*b + 4*o - 9*o + x. Let c = 35 - 21. What is the greatest common factor of b and c?
14
Let j(x) = x**3 + 3*x**2 - 51*x + 16. Let w be j(13). Suppose 3*v - d = w, 5*v + d + 0*d - 3431 = 0. What is the highest common divisor of 28 and v?
14
Let c(i) = -i**2 - 37*i + 10. Let v be c(-37). What is the highest common divisor of 118 and v?
2
Let j = 89 - -96. Let i = 206 - j. Calculate the highest common factor of 189 and i.
21
Suppose 14*t = t + 9867. Calculate the greatest common divisor of t and 33.
33
Suppose -1338 + 352 = -34*h. Let n be 0*(2 + 12/(-8)). Suppose n = -5*t, -3*p = 5*t - 3*t - 87. What is the greatest common factor of p and h?
29
Let t(q) = -83*q + 17. Let i be t(-1). Let s be (2 - 212/10)*i/(-8). Calculate the greatest common factor of 48 and s.
48
Let a = 278 + -183. Let r(p) = 37*p**3 + 3*p - 2. Let g be r(1). What is the highest common factor of a and g?
19
Let c be (((-120)/(-25))/(-12))/(8/(-220)). Calculate the greatest common divisor of c and 11.
11
Suppose -w = 2*j - 11134, 2*j + 315*w = 316*w + 11146. Calculate the highest common divisor of j and 30.
10
Let z be (16942/(-2))/((-48)/8 - -5). Calculate the greatest common divisor of 394 and z.
197
Let u(i) = -2*i**3 + 103*i**2 + 1183*i + 77. Let w be u(-12). What is the highest common factor of 33 and w?
11
Let j(o) = 7*o**2 + 38*o - 65. Let m be j(-8). Calculate the greatest common divisor of m and 31.
1
Suppose 4*n + n = 25. Let h be 24/2 - n/((-5)/(-3)). Let y = h + -7. Calculate the greatest common divisor of y and 14.
2
Let d be 6 + (-16)/((-64)/124). What is the grea